*c + 30. Suppose 0 = t - a + 7. What is the greatest common divisor of k and t?
2
Suppose -3*z + 21 = 3*o, 5*o + 0*o + 1 = z. Let s = z + 6. Suppose 0 = 4*b - 3*b - 18. Calculate the greatest common divisor of b and s.
6
Let g be 5/2*(9 + -7). What is the highest common factor of g and 5?
5
Suppose 3*j + 92 = -2*v + 3*v, 3*v - 286 = 4*j. Let h(o) = -o**3 + 5*o**2 + 4*o - 6. Let w be h(5). Calculate the highest common factor of w and v.
14
Let s be 86/3 + 1/3. Suppose s = -3*z + 5. Let v be 2/z - 3305/(-20). What is the greatest common divisor of v and 15?
15
Suppose 0 = 60*o - 64*o + 96. What is the greatest common factor of 56 and o?
8
Let y(x) = -x**2 - 11*x + 2. Let u be y(-10). What is the greatest common divisor of 132 and u?
12
Let q = 4 + 3. Suppose 2*y - 5*r - 60 = 0, 49 + 29 = 2*y + 4*r. What is the greatest common factor of y and q?
7
Suppose 2*a + 2 = 4*w - 38, 3*w = 3*a + 36. Suppose -w*t + 4 = -7*t. What is the greatest common factor of 1 and t?
1
Let u = 258 - 182. Calculate the greatest common factor of u and 19.
19
Suppose 5*z = -3*u + 45, -2*u - 3 = -3*z + u. Calculate the greatest common factor of z and 66.
6
Suppose 5*p - 117 = 2*p. Suppose 5*w - 126 = -3*g - p, g + 55 = 3*w. Calculate the greatest common factor of w and 72.
18
Let n(d) = 2*d**2 + 9*d - 13. Let f be n(13). Calculate the highest common factor of 34 and f.
34
Let i(t) = -t**3 + 7*t**2 + t - 3. Let y be i(7). Let w(l) = 2*l**2 + 3*l. Let a be w(y). What is the greatest common divisor of 4 and a?
4
Suppose -d + 4 = 3. What is the highest common divisor of d and 2?
1
Suppose -3*r - 32 = -19*r. Suppose 4*u - 3*l = 44, -4*l = -3 - 13. Calculate the greatest common divisor of r and u.
2
Suppose 2*o + 2*t - 246 = -0*t, 3*o + t - 375 = 0. Calculate the highest common factor of o and 36.
18
Let m(h) = -h**3 - 7*h**2 + 7*h + 2. Let q be m(-8). Let v be (-198)/(-10) - q/(-50). What is the greatest common divisor of v and 20?
20
Suppose 5*m = -5*u + 135, -5*m + 2*u + 202 = 60. Calculate the greatest common factor of m and 14.
14
Suppose o + 1 = 92. Calculate the greatest common factor of 7 and o.
7
Suppose -2*k + 8 = v, -v - 2 + 4 = 0. Suppose -k*z = -b + 12, -4*b - 2*z = -2*b. Calculate the highest common factor of b and 3.
3
Let d(x) = x**3 + 8*x**2 - 11*x + 4. Let f be d(-9). Calculate the greatest common factor of f and 55.
11
Suppose -5*v = -2*v - 30. What is the greatest common factor of v and 4?
2
Suppose 5*s - 8 = 12. Calculate the greatest common factor of s and 4.
4
Let j be (-19)/2*(-4 + -2). Suppose 0 = -5*g + 2*a - 18, -5 - 21 = 3*g - 5*a. Let w be g/(1 - j/51). Calculate the greatest common divisor of 34 and w.
17
Let b(p) = 13*p - 12*p**2 + 0*p - 2*p**3 + p**3 + 0 + 7. Let i be b(-13). Calculate the highest common divisor of 56 and i.
7
Let g(a) = a**3 + 4*a**2 + a - 1. Let v be g(-3). Let k(t) = 2*t**2 + 0 + v - 3. Let c be k(-3). What is the highest common divisor of c and 50?
10
Let v(r) = -4*r - 43. Let d be v(-14). What is the highest common factor of 104 and d?
13
Let c = 52 - 45. Calculate the highest common divisor of 49 and c.
7
Let p = -21 - -36. Suppose -2*g + p = g. Calculate the highest common factor of 5 and g.
5
Let b = 95 + -83. What is the highest common factor of 4 and b?
4
Let m(p) = 3 + p**3 + 0*p**2 - 5 + 6*p**2. Let l be m(-4). What is the highest common factor of 75 and l?
15
Suppose 0*y + 4 = -y, 216 = 4*j - 4*y. What is the greatest common factor of 10 and j?
10
Let w be (-108)/5 + (-3)/(-5). Let h = w - -15. Let s be h/(-5)*(7 - 2). Calculate the greatest common divisor of s and 54.
6
Let v = 54 - 38. What is the highest common divisor of v and 24?
8
Let l(i) = -26*i - 3. Let w(r) = 26*r + 3. Let x(b) = 3*l(b) + 2*w(b). Let q be x(-9). Calculate the highest common factor of 21 and q.
21
Let x = -300 + 437. Let n = x - 77. What is the greatest common divisor of n and 10?
10
Let b = 2 - -3. Let k(u) = 2*u**2 + u - 1. Let g be k(2). Let i be 3*(-1)/(-3) + g. Calculate the highest common divisor of i and b.
5
Let h(s) = 9*s - 19. Let w be h(6). Calculate the highest common divisor of 5 and w.
5
Let s = -36 - -44. Calculate the highest common factor of 8 and s.
8
Let a = -6 - -8. Calculate the greatest common factor of a and 8.
2
Let w = 4 - 2. Suppose -6*t + 48 = -w*t. Suppose -3*c + t = -6. What is the greatest common factor of 42 and c?
6
Suppose -9*y - 4*y = -1404. What is the highest common divisor of 12 and y?
12
Suppose -4*t + 2*t + 18 = 0. Let o be 0 + 1 + -2 + t. What is the highest common divisor of o and 8?
8
Suppose -2*z + 6*q = 4*q + 4, 2*z - 21 = -3*q. What is the greatest common divisor of 1 and z?
1
Let k = 3 + 1. Suppose -k + 64 = 5*n. Calculate the highest common factor of n and 6.
6
Suppose -2*k = i - 3*i, 5*k - 3*i = 8. Let h(u) be the first derivative of u**3/3 - 7. Let b be h(4). What is the greatest common factor of b and k?
4
Suppose 0 = 2*a + 3*a - 25, -5*c + 1285 = -2*a. Calculate the highest common factor of 37 and c.
37
Suppose -5*q = 3*d + 3 + 5, 4 = -q. Let k be 2/(-3) + (-17)/(-3). Suppose -d*v - k = c + v, -3*c + 19 = -2*v. What is the highest common divisor of 10 and c?
5
Let a be 12 - (-3 - 0)/(-3). Let p(b) = b + 7. Let n be p(-5). Suppose 5*d + 2 = -o + 67, n*o - 3*d = 104. What is the greatest common factor of o and a?
11
Let u(k) = 2*k**2 - 10*k - 8. Let o be u(-4). What is the highest common divisor of o and 32?
32
Suppose 3*h = -0*l + 2*l - 90, 0 = 3*h + l + 90. Let s be h*((-32)/(-6))/(-4). What is the highest common divisor of s and 8?
8
Let p(j) = 19*j**2 + 3*j + 2. Let s be p(-1). What is the highest common divisor of 126 and s?
18
Let u be 2/9 + (-66)/54. Let d be 0 + u + (-1 - -24). What is the highest common divisor of 154 and d?
22
Let v(z) = -z + 18. Let f be v(15). Calculate the greatest common divisor of f and 6.
3
Suppose 0 = 5*l - l - 1400. Suppose 2*r + 3*r - l = 0. Calculate the greatest common divisor of r and 28.
14
Let r = 482 + -338. Suppose -f + r = 4*f - 3*i, -4*f + 5*i + 110 = 0. Let j = -10 - -25. What is the highest common divisor of f and j?
15
Suppose -3*g + 36 = -2*j - 2*j, -2*j - 4*g - 40 = 0. Let v be 9/6*(-64)/j. What is the greatest common factor of v and 1?
1
Let l = 25 - 26. Let a be l/6 + 85/6. Suppose 2*p = 6*p - 280. What is the highest common divisor of a and p?
14
Let m = -37 + 117. Calculate the greatest common factor of m and 20.
20
Let r(x) = -x**3 - 10*x**2 + 9*x - 4. Let u be r(-11). What is the highest common divisor of 18 and u?
18
Let v(l) = l**2 - l - 6. Let d be v(7). Let b = -25 + d. Let t = 35 - -9. What is the greatest common divisor of b and t?
11
Let d = 9 - 6. Let j = 15 + d. Calculate the highest common factor of 90 and j.
18
Let g be ((-24)/(-2))/(15/(-10)). Let t = 15 + g. Let a = -3 - -4. Calculate the highest common factor of t and a.
1
Suppose -72 = 2*l - 5*l. Calculate the highest common divisor of l and 60.
12
Let j(i) = i**2 + 5*i + 1. Let l be j(-5). Calculate the highest common divisor of 3 and l.
1
Let y = 9 + 13. Let v(f) = -f**2 + 29*f - 56. Let d be v(26). What is the highest common divisor of y and d?
22
Let p be (-2)/(-6)*((-56)/(-1) + -5). Calculate the highest common factor of 17 and p.
17
Suppose 47*b + 600 = 52*b. Calculate the highest common divisor of 48 and b.
24
Let r = 6 + -2. Suppose 3*z + r*q = 7, -q + 5 = 3*z + 4*q. Calculate the highest common factor of z and 1.
1
Suppose -2*v + 22 = 2*s - 750, -2*v + 770 = 4*s. Calculate the greatest common divisor of v and 43.
43
Let k(l) = 2*l**2 - l + 3. Let t be k(-2). What is the highest common divisor of t and 65?
13
Suppose 11 = t + 3*t - 5*w, 2*t + 3*w - 33 = 0. Calculate the greatest common factor of 54 and t.
9
Let m(n) = 0*n - 3*n + 4*n**2 - n. Let z = 4 - 1. Let q be m(z). Calculate the highest common factor of 6 and q.
6
Let u be (-6)/4*(4 - 2). Let t be 10 + (0 + -6)/u. Let p be (-4)/t*(-7 + 1). Calculate the highest common factor of p and 18.
2
Let g(w) = -w**2 - 7*w. Let z be g(-4). Suppose 14 = -3*q + q. Let b = q + z. What is the greatest common divisor of 55 and b?
5
Let b be (-156)/(-20) + (-16)/20. Suppose 0 = -b*c + 8*c - 16. Let k = 348 + -204. Calculate the greatest common divisor of k and c.
16
Let x be (-1)/(-3) + 680/3. Let v be ((-8)/(-20))/((-3)/(